431
What are the prime factors of 3039564?
2, 3, 11, 23027
What are the prime factors of 3951672?
2, 3, 164653
What are the prime factors of 343449?
3, 31, 1231
List the prime factors of 9927917.
9927917
What are the prime factors of 97315?
5, 19463
What are the prime factors of 20377803?
3, 6792601
List the prime factors of 27459934.
2, 109, 125963
What are the prime factors of 1525223?
7, 17, 1831
What are the prime factors of 12186463?
12186463
What are the prime factors of 6812924?
2, 1703231
List the prime factors of 1519937.
61, 24917
List the prime factors of 19287058.
2, 7, 1103, 1249
What are the prime factors of 564074?
2, 7, 43, 937
What are the prime factors of 881038?
2, 23, 107, 179
List the prime factors of 8422269.
3, 79, 35537
List the prime factors of 69729.
3, 11, 2113
List the prime factors of 123705.
3, 5, 2749
What are the prime factors of 10449197?
11, 86357
List the prime factors of 1712940.
2, 3, 5, 28549
List the prime factors of 96165.
3, 5, 2137
What are the prime factors of 751941?
3, 29, 43, 67
List the prime factors of 762697.
13, 4513
What are the prime factors of 2328008?
2, 397, 733
What are the prime factors of 189669?
3, 17, 3719
What are the prime factors of 477398?
2, 29, 8231
What are the prime factors of 698999?
7, 61, 1637
What are the prime factors of 912816?
2, 3, 2113
List the prime factors of 93444.
2, 3, 13, 599
List the prime factors of 38984.
2, 11, 443
List the prime factors of 623539.
7, 281, 317
What are the prime factors of 2916208?
2, 97, 1879
List the prime factors of 469060.
2, 5, 47, 499
List the prime factors of 274047.
3, 167, 547
List the prime factors of 139032.
2, 3, 1931
What are the prime factors of 1263849?
3, 29, 73, 199
What are the prime factors of 759227?
7, 108461
What are the prime factors of 1203126?
2, 3, 239, 839
List the prime factors of 1223382.
2, 3, 203897
List the prime factors of 347194.
2, 67, 2591
List the prime factors of 51982.
2, 7, 47, 79
What are the prime factors of 532441?
7, 13, 5851
What are the prime factors of 33272211?
3, 7, 19, 83389
What are the prime factors of 2923935?
3, 5, 7, 27847
What are the prime factors of 24713738?
2, 7, 252181
List the prime factors of 4663137.
3, 1554379
List the prime factors of 84633.
3, 28211
What are the prime factors of 495634?
2, 19, 13043
List the prime factors of 1100125.
5, 13, 677
List the prime factors of 4084365.
3, 5, 277, 983
What are the prime factors of 1774547?
1774547
List the prime factors of 1596324.
2, 3, 137, 971
What are the prime factors of 1794303?
3, 7, 19, 1499
What are the prime factors of 264500?
2, 5, 23
List the prime factors of 12972770.
2, 5, 271, 4787
List the prime factors of 765087.
3, 181, 1409
What are the prime factors of 289679?
13, 22283
What are the prime factors of 1102769?
59, 18691
List the prime factors of 63468.
2, 3, 41, 43
What are the prime factors of 2170433?
59, 36787
What are the prime factors of 4014919?
997, 4027
What are the prime factors of 136589?
137, 997
List the prime factors of 1531439.
7, 13, 16829
What are the prime factors of 3789230?
2, 5, 167, 2269
What are the prime factors of 377085?
3, 5, 23, 1093
List the prime factors of 342148.
2, 23, 3719
List the prime factors of 12556769.
12556769
What are the prime factors of 195915?
3, 5, 37, 353
What are the prime factors of 701128?
2, 87641
List the prime factors of 106996.
2, 23, 1163
List the prime factors of 821695.
5, 7, 17, 1381
What are the prime factors of 869651?
41, 21211
List the prime factors of 1008101.
1008101
List the prime factors of 328627.
13, 17, 1487
List the prime factors of 948342.
2, 3, 179, 883
What are the prime factors of 1280792?
2, 37, 4327
List the prime factors of 5991658.
2, 41, 89, 821
List the prime factors of 8634726.
2, 3, 491, 977
List the prime factors of 193132.
2, 53, 911
List the prime factors of 21767602.
2, 241, 45161
List the prime factors of 3486259.
7, 139, 3583
What are the prime factors of 6973231?
6973231
List the prime factors of 349246.
2, 31, 43, 131
List the prime factors of 5901872.
2, 61, 6047
What are the prime factors of 16606102?
2, 8303051
List the prime factors of 10133024.
2, 11, 2617
What are the prime factors of 19184615?
5, 157, 24439
What are the prime factors of 611055?
3, 5, 37, 367
What are the prime factors of 1687195?
5, 127, 2657
What are the prime factors of 510934?
2, 255467
List the prime factors of 89557.
13, 83
What are the prime factors of 154922?
2, 71, 1091
What are the prime factors of 22266?
2, 3, 1237
What are the prime factors of 2988414?
2, 3, 11, 13, 43
What are the prime factors of 1002717?
3, 43, 2591
What are the prime factors of 19948584?
2, 3, 831191
What are the prime factors of 15618092?
2, 7, 557789
What are the prime factors of 1532112?
2, 3, 59, 541
List the prime factors of 184112.
2, 37, 311
What are the prime factors of 1093611?
3, 364537
List the prime factors of 86822.
2, 43411
List the prime factors of 2096940.
2, 3, 5, 34949
What are the prime factors of 4242493?
337, 12589
What are the prime factors of 1573366?
2, 29, 27127
List the prime factors of 2196043.
17, 101, 1279
What are the prime factors of 447822?
2, 3, 8293
List the prime factors of 199154.
2, 99577
What are the prime factors of 122039?
122039
What are the prime factors of 1583638?
2, 7, 113117
What are the prime factors of 1316499?
3, 438833
List the prime factors of 524207.
113, 4639
What are the prime factors of 311086?
2, 109, 1427
What are the prime factors of 9572069?
13, 743, 991
List the prime factors of 452219.
19, 23801
List the prime factors of 30186.
2, 3, 13, 43
What are the prime factors of 490054?
2, 59, 4153
What are the prime factors of 197239?
7, 19, 1483
List the prime factors of 15219206.
2, 1733, 4391
List the prime factors of 1655554.
2, 193, 4289
List the prime factors of 318777.
3, 59, 1801
What are the prime factors of 404810?
2, 5, 7, 5783
What are the prime factors of 4269392?
2, 266837
What are the prime factors of 131996?
2, 32999
List the prime factors of 3837346.
2, 79, 149, 163
What are the prime factors of 5945614?
2, 17, 31, 5641
What are the prime factors of 364513?
364513
What are the prime factors of 216137?
29, 257
List the prime factors of 1535581.
1535581
What are the prime factors of 1268742?
2, 3, 211457
What are the prime factors of 369577?
13, 28429
What are the prime factors of 287017?
23, 12479
What are the prime factors of 1381183?
29, 97, 491
What are the prime factors of 5181093?
3, 575677
What are the prime factors of 1185872?
2, 137, 541
List the prime factors of 902391.
3, 7, 97, 443
What are the prime factors of 7785931?
71, 109661
List the prime factors of 4724436.
2, 3, 17, 23159
What are the prime factors of 271614?
2, 3, 7, 29, 223
What are the prime factors of 5679809?
47, 120847
What are the prime factors of 89704?
2, 11213
List the prime factors of 10283314.
2, 103, 49919
What are the prime factors of 725181?
3, 241727
What are the prime factors of 553462?
2, 7, 13, 3041
What are the prime factors of 2296182?
2, 3, 7, 23, 2377
List the prime factors of 5541323.
863, 6421
List the prime factors of 5487015.
3, 5, 43, 47, 181
What are the prime factors of 153743?
153743
List the prime factors of 8376075.
3, 5, 12409
List the prime factors of 7228131.
3, 2409377
What are the prime factors of 287079?
3, 13, 17, 433
List the prime factors of 14768042.
2, 7384021
What are the prime factors of 2382916?
2, 191, 3119
What are the prime factors of 184317?
3, 7, 67, 131
What are the prime factors of 67215?
3, 5, 4481
List the prime factors of 13835635.
5, 11, 107, 2351
What are the prime factors of 3618210?
2, 3, 5, 120607
List the prime factors of 83711.
97, 863
List the prime factors of 34328462.
2, 7, 2452033
List the prime factors of 211537.
199, 1063
What are the prime factors of 889813?
37, 24049
What are the prime factors of 729013?
601, 1213
What are the prime factors of 17130835?
5, 3426167
What are the prime factors of 5297774?
2, 23, 41, 53
What are the prime factors of 134309?
7, 2741
List the prime factors of 124227.
3, 43, 107
List the prime factors of 14314770.
2, 3, 5, 53, 3001
What are the prime factors of 4725150?
2, 3, 5, 17, 109
List the prime factors of 163934.
2, 81967
What 